digit of 6249643?
2
What is the ten thousands digit of 32635955?
3
What is the units digit of 440371?
1
What is the thousands digit of 1913058?
3
What is the millions digit of 7194051?
7
What is the hundred thousands digit of 404562?
4
What is the ten thousands digit of 21693103?
9
What is the tens digit of 165186?
8
What is the thousands digit of 2952681?
2
What is the millions digit of 1861153?
1
What is the ten thousands digit of 3472385?
7
What is the thousands digit of 210330?
0
What is the hundreds digit of 409842?
8
What is the ten thousands digit of 1766854?
6
What is the units digit of 8102097?
7
What is the hundreds digit of 1672218?
2
What is the ten millions digit of 43056934?
4
What is the hundred thousands digit of 982003?
9
What is the hundred thousands digit of 401664?
4
What is the tens digit of 122350?
5
What is the tens digit of 3409463?
6
What is the hundred thousands digit of 142994?
1
What is the hundreds digit of 9102915?
9
What is the tens digit of 189115?
1
What is the tens digit of 1122882?
8
What is the hundred thousands digit of 5441839?
4
What is the hundreds digit of 2388684?
6
What is the tens digit of 10748969?
6
What is the tens digit of 6737066?
6
What is the thousands digit of 532315?
2
What is the ten thousands digit of 798010?
9
What is the ten thousands digit of 3266890?
6
What is the units digit of 239420?
0
What is the millions digit of 3048286?
3
What is the hundreds digit of 2660652?
6
What is the units digit of 77780?
0
What is the millions digit of 1965754?
1
What is the units digit of 103038?
8
What is the tens digit of 3451?
5
What is the thousands digit of 36806?
6
What is the hundreds digit of 1712089?
0
What is the hundred thousands digit of 1435348?
4
What is the thousands digit of 203626?
3
What is the units digit of 312567?
7
What is the hundred thousands digit of 166398?
1
What is the ten thousands digit of 97322?
9
What is the thousands digit of 1772229?
2
What is the thousands digit of 10808662?
8
What is the hundreds digit of 28099?
0
What is the hundred thousands digit of 189777?
1
What is the units digit of 6213929?
9
What is the hundreds digit of 2002222?
2
What is the units digit of 18622726?
6
What is the hundred thousands digit of 25335618?
3
What is the ten thousands digit of 1196501?
9
What is the units digit of 8099502?
2
What is the tens digit of 3987591?
9
What is the units digit of 93862?
2
What is the hundreds digit of 525829?
8
What is the ten thousands digit of 1439336?
3
What is the millions digit of 6110388?
6
What is the tens digit of 121658?
5
What is the hundred thousands digit of 397368?
3
What is the millions digit of 1526700?
1
What is the units digit of 344207?
7
What is the units digit of 465160?
0
What is the hundred thousands digit of 290097?
2
What is the hundreds digit of 1996873?
8
What is the thousands digit of 1839668?
9
What is the hundreds digit of 583141?
1
What is the ten thousands digit of 28325623?
2
What is the hundred thousands digit of 1757947?
7
What is the hundred thousands digit of 3543090?
5
What is the hundreds digit of 4194042?
0
What is the hundred thousands digit of 14333114?
3
What is the ten thousands digit of 27575979?
7
What is the millions digit of 18653679?
8
What is the hundreds digit of 1981307?
3
What is the tens digit of 2601949?
4
What is the thousands digit of 38846?
8
What is the tens digit of 12187457?
5
What is the tens digit of 74259?
5
What is the thousands digit of 1589582?
9
What is the tens digit of 9511069?
6
What is the millions digit of 8908229?
8
What is the hundreds digit of 406569?
5
What is the hundreds digit of 2231670?
6
What is the tens digit of 9181008?
0
What is the hundred thousands digit of 5846814?
8
What is the millions digit of 6114942?
6
What is the ten millions digit of 41777543?
4
What is the tens digit of 1537805?
0
What is the hundreds digit of 2793342?
3
What is the ten thousands digit of 174584?
7
What is the tens digit of 238863?
6
What is the hundred thousands digit of 1156855?
1
What is the ten millions digit of 10275369?
1
What is the millions digit of 8741660?
8
What is the units digit of 551282?
2
What is the hundreds digit of 18562560?
5
What is the ten thousands digit of 1185343?
8
What is the ten thousands digit of 1641044?
4
What is the millions digit of 3006361?
3
What is the hundreds digit of 22473994?
9
What is the thousands digit of 217637?
7
What is the thousands digit of 15610201?
0
What is the ten thousands digit of 4098512?
9
What is the thousands digit of 954227?
4
What is the hundred thousands digit of 3325246?
3
What is the units digit of 175387?
7
What is the tens digit of 827764?
6
What is the hundred thousands digit of 1186018?
1
What is the tens digit of 1755018?
1
What is the tens digit of 938018?
1
What is the hundred thousands digit of 717913?
7
What is the millions digit of 1111691?
1
What is the units digit of 461561?
1
What is the tens digit of 253218?
1
What is the hundreds digit of 590296?
2
What is the hundred thousands digit of 2407978?
4
What is the thousands digit of 1275700?
5
What is the tens digit of 112256?
5
What is the millions digit of 12510654?
2
What is the units digit of 8801176?
6
What is the hundred thousands digit of 1804785?
8
What is the hundred thousands digit of 12500129?
5
What is the millions digit of 1709527?
1
What is the tens digit of 14859?
5
What is the thousands digit of 17828058?
8
What is the units digit of 51038?
8
What is the tens digit of 1577059?
5
What is the tens digit of 2931577?
7
What is the ten thousands digit of 132700?
3
What is the ten thousands digit of 199899?
9
What is the hundred thousands digit of 422866?
4
What is the tens digit of 3733903?
0
What is the ten thousands digit of 3928492?
2
What is the hundreds digit of 405504?
5
What is the thousands digit of 154616?
4
What is the ten millions digit of 12213626?
1
What is the ten thousands digit of 2798952?
9
What is the units digit of 613081?
1
What is the hundreds digit of 260054?
0
What is the thousands digit of 2628006?
8
What is the ten thousands digit of 1449878?
4
What is the hundred thousands digit of 724123?
7
What is the hundreds digit of 47701?
7
What is the hundred thousands digit of 852500?
8
What is the ten thousands digit of 1376323?
7
What is the thousands digit of 453239?
3
What is the hundred thousands digit of 2019565?
0
What is the tens digit of 290182?
8
What is the millions digit of 10268986?
0
What is the hundred thousands digit of 353299?
3
What is the thousands digit of 13117346?
7
What is the millions digit of 3190712?
3
What is the hundreds digit of 377910?
9
What is the hundred thousands digit of 216720?
2
What is the units digit of 400757?
7
What is the thousands digit of 1980024?
0
What is the hundred thousands digit of 1204331?
2
What is the ten thousands digit of 3247976?
4
What is the units digit of 1862354?
4
What is the thousands digit of 178860?
8
What is the tens digit of 3950032?
3
What is the ten thousands digit of 502617?
0
What is the millions digit of 9795837?
9
What is the units digit of 22543424?
4
What is the hundreds digit of 357518?
5
What is the thousands digit of 13997893?
7
What is the hundreds digit of 15658835?
8
What is the thousands digit of 344513?
4
What is the millions digit of 2497128?
2
What is the hundred thousands digit of 629994?
6
What is the ten thousands digit of 591309?
9
What is the ten thousands digit of 1210931?
1
What is the hundreds digit of 347346?
3
What is the hundreds digit of 8702397?
3
What is the hundred thousands digit of 150580?
1
What is the millions digit of 4255754?
4
What is the ten thousands digit of 595925?
9
What is the millions digit of 7509900?
7
What is the hundred thousands digit of 175006?
1
What is the ten thousands digit of 1154749?
5
What is the ten millions digit of 13415265?
1
What is the tens digit of 3013031?
3
What is the thousands digit of 53571?
3
What is the tens digit of 1405487?
8
What is the units digit of 206192?
2
What is the ten thousands digit of 2799729?
9
What is the units digit of 17616220?
0
What is the units digit of 1506632?
2
What is the ten thousands digit of 52207?
5
What is the thousands digit of 881285?
1
What is the units digit of 19225676?
6
